Suppose -i*m = 4*j - 54, -4*j = 3*m - 2*j - 48. What is the units digit of m?
4
Let k be 2 + 1/1 + 1. Let q(f) = k*f + 3 - 13 + 9. What is the units digit of q(8)?
1
Let c = 34 + -35. What is the units digit of 19 + (-4)/(-5 - c)?
0
Let p be (-2 - -2)*-1 - -6. Let z(q) = -p*q + 2 - q - 4 - 12*q. What is the units digit of z(-1)?
7
Let c be (1 - 6/10)*10. Suppose u - 3*u - 16 = -5*o, 4*o - c*u - 8 = 0. What is the units digit of o?
4
Suppose -3*b = -3*s + 6, s - 5*b - 10 = -s. Suppose s = -0*g + 3*g - 429. What is the units digit of g?
3
Suppose -4*l = u - 740, 3*l = -21*u + 19*u + 1465. What is the units digit of u?
8
Let g be (-4)/12*-6 - -1. Suppose -p = 3*r + 10 + 2, -12 = 4*p + g*r. Suppose 3*m = 5*f - 284, p*m - 2*m = -f + 61. What is the tens digit of f?
5
Let k = 186 - 85. Suppose 0*o + o = 2*r + k, -4*o + 454 = 2*r. What is the tens digit of o?
1
Let t(y) = 10*y + 9. Let b(w) = -w - 1. Let x(k) = 11. Let d(n) = -2*b(n) - x(n). Let c be d(7). What is the units digit of t(c)?
9
Let z(g) = 2*g**2 - 4*g - 5*g - 12 + 2*g**2 + 8*g. What is the units digit of z(-6)?
8
Suppose 5*p = -5*p + 6670. What is the hundreds digit of p?
6
Suppose 4*r = -r + 1540. What is the tens digit of r?
0
What is the hundreds digit of 2092/6*(-22)/(352/(-24))?
5
Let w(u) = 3*u - 4*u**3 - 157 + 164 - 5*u. What is the hundreds digit of w(-3)?
1
Let n be -7 - (-3 - 10/(-2)). Let i be 0/(0 + 1) + 3. What is the units digit of n*((-30)/9 + i)?
3
Suppose 7*s - 2*s = 0. Suppose s = -13*d + 14*d - 242. Suppose 4*m + 34 = d. What is the units digit of m?
2
Let h(d) be the first derivative of d**3/3 - d**2 + 6*d + 6. What is the units digit of h(2)?
6
Let z = 4948 + -2629. What is the tens digit of z?
1
Suppose 5*u + 2 - 17 = 0. Suppose u*y - 88 = -0*t + t, -3*y - t = -86. What is the units digit of y?
9
What is the units digit of (-3 + -2)*(-2 - (-4365)/(-25))?
3
Let t(m) be the first derivative of -m**6/120 + 7*m**3/6 + 2*m**2 - 9. Let l(z) be the second derivative of t(z). What is the units digit of l(0)?
7
Let g be 2/((-1)/(294/(-4))). Suppose -15*k + 17*k - 6 = 0. Suppose k*d = g - 45. What is the units digit of d?
4
Let b(p) = p**2 + 15*p + 7. Let a be b(-15). Suppose a*u - 37 + 142 = 0. What is the tens digit of u/40 + 537/24?
2
Suppose 23*n = 20*n - u + 3454, -u - 5 = 0. What is the thousands digit of n?
1
Suppose -2*x + 19 = -3*j - 1, 0 = 5*j - 5*x + 40. Let p be (-15)/(-10)*j/(-2). Suppose o - t - 17 - 1 = 0, p*t + 76 = 4*o. What is the tens digit of o?
2
Let d be ((-1)/(-2))/((-2)/(-12)). Suppose -2*r + 4*r = -d*s + 188, 4*r = 5*s - 284. What is the units digit of s?
0
Let k = 112 + -110. Suppose -7*p + 10*p = -3*j + 132, 0 = -k*p - j + 84. What is the units digit of p?
0
Let h(c) = 16*c**2 - 2*c + 9. What is the tens digit of h(7)?
7
Suppose -24*m + 31392 - 4440 = 0. What is the units digit of m?
3
Let b(r) = 2*r + 23. Let c be b(-15). Let q(a) = -8*a + 19. What is the units digit of q(c)?
5
Suppose -x + 3386 - 595 = 0. What is the hundreds digit of x?
7
Let d(p) = 4320*p**2 - 17*p + 17. What is the tens digit of d(1)?
2
Suppose 2129 = 3*w + w + 5*i, w - 2*i - 542 = 0. What is the hundreds digit of w?
5
Let s be (-4)/6*39/(-26)*0. What is the tens digit of 10/40 - (s + (-950)/8)?
1
What is the thousands digit of (-5)/(-1) + 3/(-12)*-9228?
2
Let w(f) = -14*f + 4. Suppose 0 = -2*a - 30 + 18. What is the units digit of w(a)?
8
Let v = -227 + 229. What is the units digit of v?
2
Let u be 4 + (-1 - (-11 + -4)). What is the units digit of (-60)/u*(-9)/5?
6
Let f(l) = l**3 + 37*l**2 + 34*l - 42. What is the tens digit of f(-36)?
3
Suppose -89*a = -20*a - 88527. What is the tens digit of a?
8
Let m(y) = 3*y**2 - 2*y**2 + y - 2 - 3 + 1. Let r be m(2). Suppose -r*k + 29 = -15. What is the units digit of k?
2
Let r(m) = -16*m + 1. Let u be r(-6). Let d = 28 + -25. Suppose -a - p - u = -6*a, 69 = 3*a + d*p. What is the units digit of a?
0
Let i = -4 - -12. Suppose 4*h = -0 + i. Suppose h*z + z = 45. What is the units digit of z?
5
Let v = 2806 + -1456. What is the thousands digit of v?
1
Suppose -2*v - 3*c + 852 = -551, -3*c = -4*v + 2851. What is the tens digit of v?
0
Let d(z) = 191*z - 41. What is the thousands digit of d(10)?
1
Let t(v) = -20*v - 43. What is the units digit of t(-23)?
7
Suppose 2*w + 199 = -a, 7*w = 2*w + 5*a - 535. What is the units digit of ((-4)/3)/(-1)*w/(-68)?
2
Suppose 4*w - 3193 = 9187. What is the tens digit of w?
9
Let l(f) = 15*f + 24. Suppose -24 = -4*h + h - 2*s, -3*h + 4*s + 6 = 0. What is the hundreds digit of l(h)?
1
Suppose -3*w + j + 3*j + 25 = 0, 4*w - 23 = -5*j. Suppose -w*a + 343 + 91 = 0. What is the units digit of a?
2
Suppose -a + 247 = 3*b, 0 = 2*a + 2 + 8. Suppose 0 = -294*n + 290*n + 32. Suppose 6*k + b = n*k. What is the units digit of k?
2
Let s(y) = -2*y**3 - 40*y**2 - 35*y + 9. What is the tens digit of s(-22)?
1
Let p(l) = l**2 - 2*l - 5. Let v = -12 - -19. Let t be p(v). Suppose -2*w = 0, r + 0*w - t = -w. What is the units digit of r?
0
Suppose 0 = -c - 5*f + 20, -c = 2*c + 3*f - 24. Suppose -c*x = -174 + 14. What is the units digit of x?
2
Let j = 32 + -34. Let c(l) = -l - 7. Let b be c(-8). Let d = b - j. What is the units digit of d?
3
Let d = 259 + 89. What is the tens digit of d?
4
Let h = 387 + 244. What is the tens digit of h?
3
Let b(i) = -i**2 - 9*i + 2. Suppose 2*u + 7*u = -63. What is the units digit of b(u)?
6
Let z be (-5)/30 - 1562/(-12). Let x = 18 - 10. Suppose -3*n = -x*n + z. What is the tens digit of n?
2
Let u = 22 + -22. Suppose 3*p - 183 - 99 = u. What is the tens digit of p?
9
Suppose 0 = -5*o - 3*z + 20, -4*o - o + 3*z + 20 = 0. Suppose -5*a = 3*m + 1, 2*m = 2*a + 5*m + o. Let d(q) = 23*q. What is the tens digit of d(a)?
2
Suppose 2*y + 0*y + 10 = 0. Let s be (y + -1)*8/3. Let g = s + 19. What is the units digit of g?
3
What is the tens digit of (1/5*-17)/(22/(-7370))?
3
Let y(j) = 22*j**2 - j + 3. Let h(b) = -2*b - 8. Let c be h(-5). What is the tens digit of y(c)?
8
What is the tens digit of 543/2*(-8)/(-4)?
4
Let s(o) = 5*o**2 - 15*o + 82. What is the units digit of s(-17)?
2
Let z be -2*(-1)/(-4)*2. What is the units digit of 729/6 + z + (-4)/8?
0
Suppose 4*w + 5*s - 823 = 0, 0 = 4*s - 3 - 9. Suppose q + w = 4*d - 0*d, 2*d - q - 102 = 0. What is the tens digit of d?
5
Let j(q) = -90*q + 280. What is the thousands digit of j(-10)?
1
Let x(g) be the second derivative of -g**3/6 + 4*g**2 + 9*g. Let f be x(8). Suppose f = -j + c + 41 + 17, 0 = -j - c + 60. What is the units digit of j?
9
Let f = -17 - -31. Suppose v = -2*h - 6, 4*h - f = v + 8*h. Suppose -v*m + 159 = 23. What is the tens digit of m?
6
Let x = 930 + -319. What is the units digit of x?
1
Let x(j) = 40*j**2 - 114*j. What is the thousands digit of x(-6)?
2
Let q be 199 + (3 - 3) + 3. Let u = -111 + q. What is the units digit of u?
1
Let t(g) = -87*g + 2. Let f be t(-2). Suppose 0 = -3*w - 31 - f. Let h = 98 + w. What is the units digit of h?
9
Let h be (-19)/57 + (-64)/6. Let d be (4 + -3)*(-12 - 1). Let i = h - d. What is the units digit of i?
2
Suppose 3*k = -0 - 6, -2*l - 3*k = -2. Suppose -u = l, 3*u = 3*x + 2*x - 282. What is the units digit of x?
4
Let p = -5 + 10. Let l(q) = p*q - 8*q + 4*q + 17. What is the units digit of l(-13)?
4
Let b(f) = -9 + f**2 - 10*f - 2*f**3 + 0*f**3 + 5. What is the units digit of b(-3)?
9
Let k be 1 + 0 - 2/(-4)*-2. Suppose 5*z + 4*g - 370 - 179 = k, 4*g + 16 = 0. What is the hundreds digit of z?
1
Let s be (-5)/(-15)*(10 + -1). Suppose -7*z - 5*g + 70 = -2*z, -s*z + 3*g = -66. Let x = z + -15. What is the units digit of x?
3
Let z be (-2)/(16/(-9) - -2). Let n = z - -1. Let f = 13 + n. What is the units digit of f?
5
Suppose 5*j + 2*h = 4*j + 330, -1034 = -3*j + 5*h. What is the hundreds digit of j?
3
Suppose 2*k = -c + 1620 + 3439, 0 = -5*c - 3*k + 25295. What is the thousands digit of c?
5
Suppose 0 = -2*l + 2*f + 5 + 3, -4*f - 22 = -5*l. Suppose -2*q + l*q + 424 = 0. What is the tens digit of q/(-9) - 4/(-18)?
1
What is the units digit of ((-2)/(-3))/((-28)/(-61824))?
2
Suppose -1552 = -2*j - 3*q + 601, 0 = 2*j + 2*q - 2158. What is the hundreds digit of j?
0
Suppose 18*d = 32471 + 12187. What is the thousands digit of d?
2
Let s(z) = -7*z**3 + 8*z**2 + 3*z + 3. Let p(q) = -q**3 + q + 1. L